Let h(z) = -z**2 - 13*z + 3. What is the tens digit of h(-12)?
1
Let p be (-254)/(-6) + 14/21. Suppose 27 = 5*t - p. What is the tens digit of t?
1
Suppose 0 = -0*z + z - 4. What is the tens digit of 54/z + 3/(-6)?
1
What is the units digit of ((-64)/(-80))/((-2)/(-235))?
4
Let d = -9 - -33. What is the tens digit of d?
2
Let r(g) = g**3 - 2*g**2 + 3*g - 2. Let k(l) = -9*l - 1. Let d be k(-1). Suppose 2*u - 7*u = 4*s - d, -2*s + 5*u + 4 = 0. What is the units digit of r(s)?
4
Let d(t) = -t**3 + 3*t**2 + 2*t - 2. Let r be d(3). Suppose 0*u + 2*p - 82 = -2*u, 188 = r*u - 4*p. What is the units digit of u?
4
Let g = 4 - 1. Suppose -23 = -g*i + 4. What is the units digit of i?
9
Let x be (-42)/(-8) - 2/8. Let a(b) = 4*b - 6. What is the units digit of a(x)?
4
What is the units digit of 1*(-16)/3*(-78)/4?
4
Suppose -28 + 106 = t. What is the units digit of t?
8
Suppose 4*c + 3*i - 9 = -0*c, 3*i + 3 = 0. Suppose -q = 3*p + c - 14, 5*p - 44 = -4*q. Suppose g - q = 4. What is the units digit of g?
5
Suppose -3*l + 36 = -3*g, 3*l + 6*g - 3*g = 24. What is the tens digit of l?
1
Let m(y) = 6*y**2 - 17*y + 25. What is the tens digit of m(6)?
3
Let i be (-3)/2*(-12)/9. Suppose o + 2 = 3*o, -i*b = o - 33. What is the units digit of b?
6
Let j = -1 + 11. What is the units digit of (-1)/((j/(-4))/5)?
2
Let d = -20 + -5. Let n be 4/(-16) - (-151)/(-4). Let q = d - n. What is the tens digit of q?
1
Suppose 2*d + 3*s = 348, -s - 348 = -2*d - 0*s. What is the hundreds digit of d?
1
Suppose -6*z + z = -440. What is the units digit of z?
8
Let g(v) = -3*v - 6. Let k be g(-7). Suppose 4*f = 3*x - 2*x, -k = -2*x + 3*f. What is the tens digit of x?
1
Let z = 72 + -37. What is the tens digit of z?
3
Let z be (-944)/(-10) - 12/30. Suppose 3*y + 110 - 1 = 5*q, -4*q - y = -z. What is the tens digit of q?
2
Let v(i) = -9*i**2 - 4*i + 3. Let y be v(1). Suppose -39 = 4*p + 5*m, 3*p - 5*p = -3*m + 3. Let w = p - y. What is the units digit of w?
4
Let y(x) be the second derivative of -x**3/3 - 7*x**2/2 - x. What is the tens digit of y(-9)?
1
Let v be ((-18)/15)/(2/(-10)). Suppose 85 = -r + v*r. What is the tens digit of r?
1
Let r(i) = 15*i + 3. Let h(x) = x. Let j(l) = 18*h(l) - r(l). Let k be j(2). Let n(s) = 2*s**2 - 2*s - 2. What is the tens digit of n(k)?
1
Suppose -6*c = -8*c + 130. What is the units digit of c?
5
Let i = -7 + 11. Suppose -5*k = -2*f - 21, 0 = 4*k - f + i - 22. What is the units digit of k?
5
Let b(u) = -u + 7. Let r(g) = -3*g - 5. Let y be r(-4). Let c be b(y). What is the units digit of 2 - c - (-1)/1?
3
Let o(u) = 2*u + 6. Let m be o(-4). Let c = m - -3. What is the units digit of c?
1
Let f(g) = -g**2 - 7*g - 5. Let t be f(-5). Suppose 13 + 2 = t*u. What is the units digit of 1 - u - 46/(-2)?
1
Suppose -4*v + 2*v - 22 = 0. Let b = 3 - v. What is the units digit of b?
4
Let v(t) = -t**2 - 11*t + 5. Let n be v(-12). Let p(k) = k**2 + 5*k + 2. What is the units digit of p(n)?
6
Let g = 3 + -9. Let t = g - -9. Let v = 10 - t. What is the units digit of v?
7
Let m(p) be the third derivative of 13*p**4/24 - 2*p**3/3 - p**2. Let z be m(4). Suppose -2*x + 5*o = -z, 0*o + 26 = 3*x + 4*o. What is the tens digit of x?
1
Let r(u) = -u**3 - 6*u**2 + 5*u - 10. Let a be r(-7). Let d be a/(-6)*3 - 0. What is the units digit of d - (-1 + -1 + -2)?
2
Suppose -404 = -4*s + 4*r, -400 = -4*s - 0*s + 3*r. What is the units digit of s?
7
Suppose -m = 4*k - 135, 4*m = 6 + 6. What is the units digit of k?
3
Let y(d) = -4*d - 2. What is the units digit of y(-15)?
8
Suppose -b - 5*i = -95, 0 = -b + 5*b - i - 338. What is the tens digit of b?
8
What is the units digit of 12*(90/4)/5?
4
Let g(a) = 4*a - 1. Suppose 5*x + s - 24 = 4*s, -5*x = 3*s - 36. What is the tens digit of g(x)?
2
What is the tens digit of 101 + -3*2/2?
9
Suppose 64 = 5*h - 2*u, 34 = 3*h + u - 0. What is the tens digit of (-47)/(-4) - (-3)/h?
1
Let t = 10 - 10. Suppose 2*n - 13 = i, -2*n - 2*i + 18 - 2 = t. What is the units digit of n?
7
Let p = 49 + -21. What is the tens digit of p?
2
Let p(r) = 2*r - 4. Let u be p(3). Suppose -39 = -z + 2*g, 193 + 2 = 5*z + u*g. What is the units digit of z?
9
Let j be 1/4 + 9/(-36). Suppose j*o = -3*l - 2*o + 17, -5*o = -3*l - 11. Suppose l*b - 19 - 26 = 0. What is the tens digit of b?
1
Let f(o) = -o**2 - 8*o - 1. Suppose 0 = 3*c - 6*c - 24. Let i be f(c). What is the units digit of (-3)/(5 - i)*-4?
2
Let f = -4 - -3. Let s = 8 - f. What is the units digit of s?
9
Suppose 6 = -2*x - 8. Let b be (-2)/2*(-2 + x). What is the tens digit of (b/27)/(2/102)?
1
Let y be (42/8)/(3/(-8)). Let a = y - -15. What is the units digit of a?
1
Let a(m) = m**3 + m**2 - 2*m - 2. What is the tens digit of a(3)?
2
Let b(f) = 2*f**2 - 2*f - 3. Let g(u) = -u**3 + 3*u**2 - 2*u - 4. Let v(k) = -3*b(k) + 2*g(k). Let t be v(2). Let d = 18 + t. What is the units digit of d?
7
Suppose 3*d - 10 = 8. Suppose p + 80 = d*p. Suppose -4*r - r + 5*t = -40, -4*t = 4*r - p. What is the units digit of r?
6
Let s be -12*(-3)/(-6)*3. Let t = -3 - s. What is the units digit of t?
5
Let d(a) be the third derivative of a**4/24 - 2*a**3/3 + 2*a**2. What is the units digit of d(5)?
1
Suppose -2*c = 4*h - 316, 0 = -2*c + 5*c. What is the tens digit of h?
7
Let o be (-320)/(-30) - (-2)/(-3). Let p = -9 + o. What is the units digit of p?
1
Suppose 3*m - 2*i = 57 + 14, 22 = m - i. What is the tens digit of m?
2
Suppose 3*i - 3*u - 51 = -2*i, 0 = 3*i - 3*u - 27. Let z(d) = 2*d - 15. What is the units digit of z(i)?
9
Suppose 4*i + i = -5*z + 885, i = -3*z + 187. What is the units digit of i?
2
Let u(j) = 3*j - 3. Let q be u(3). Suppose -2 = 2*k - q. What is the units digit of k + 1/(-1) - -1?
2
Let f(g) = 2*g**3 + g**3 + 5*g**2 - 2*g**3 - 3*g + 1. Suppose 25 + 0 = -o - 4*z, 2*o = 3*z + 5. What is the tens digit of f(o)?
1
Let r be (-4)/(-18) + (-312)/(-54). What is the units digit of (-1)/(-1)*(r - -1)?
7
What is the tens digit of (3 - 92/12)*-6?
2
Suppose 2*m - 2*c = 554, -4*c + 662 - 78 = 2*m. What is the units digit of m?
2
Suppose 5*l - 244 + 49 = 0. What is the tens digit of l?
3
Let w = -4 + 9. Suppose -4*y = 12, y - 68 = -w*h - 26. What is the units digit of h?
9
Suppose -4*b + f - 4 = -3, -b = -2*f - 5. Let k = 1 + b. What is the units digit of (k - 9)*(-3)/3?
9
Suppose 0 = l - o, -3*l - 3*o = 2*l + 24. Let r(j) = j**3 + 3*j**2 - 2*j - 3. What is the units digit of r(l)?
3
Let y be 3/(-4) + 984/32. What is the units digit of (4 - 7) + y + 0?
7
Let s = -109 - -200. What is the tens digit of s?
9
What is the units digit of (-4)/((-8)/26) + 4?
7
Let s(l) = 5 + 0*l - 3 - l. Let y be s(5). Let f = 6 + y. What is the units digit of f?
3
Let p be (-2)/(-1*(-6)/(-15)). Suppose 14 = p*k - 16. What is the units digit of k?
6
Let r(z) = 6*z - 1. Let h be r(2). Suppose -4*p + 10 = l, 2*p = 5 - 1. Suppose -3*f = l - h. What is the units digit of f?
3
Suppose 2*u - u + 2*m - 11 = 0, -u + 5*m - 17 = 0. Let f(a) = 4*a + 3. What is the units digit of f(u)?
5
Suppose -4*y + y + 12 = 0. Suppose -3*s + 24 = -s. Suppose v - y*v + s = 0. What is the units digit of v?
4
Suppose -3*n = 4 + 2. Let t = 12 - n. Suppose 0 = u + 4*i + i + t, -32 = -2*u + 5*i. What is the units digit of u?
6
Let v(o) = o + 4. Let k(n) = -n + n + n - n**2 + 6. Let h be k(0). What is the units digit of v(h)?
0
Let x be (-22)/(-55) - 92/5. Let f = x + 30. What is the units digit of f?
2
Suppose -3*y + 208 = -83. What is the tens digit of y?
9
Let p(t) = -t**2 - 5*t - 2. Let a be p(-5). Let c be ((-4)/(-1))/a + 2. Suppose -2*s + 8 + 6 = c. What is the units digit of s?
7
Let w(q) = 5*q**2 - 3*q + 5. What is the units digit of w(4)?
3
Suppose 5*r = 2*i - 105, 2*i - r + 6*r - 155 = 0. What is the tens digit of i?
6
Let m be 8/3*(-15)/(-10). Suppose m*f = -f + 70. What is the tens digit of f?
1
Let r(a) = -a**3 + a**2 - a - 1. Suppose w + 2 = -1. Let h be r(w). Suppose 4*m + 9 + 4 = 3*q, 0 = 3*q + m - h. What is the units digit of q?
1
Let w = -8 - -10. Suppose 3*a - w*a = 6. What is the units digit of a?
6
Let z(x) = -4*x - 1. Let f be z(-4). Suppose h - f + 6 = -2*j, h - j = -3. Suppose 0 = 5*s - 9 - h. What is the units digit of s?
2
Let t(n) = 2*n**2 - 11*n + 18. What is the tens digit of t(11)?
3
Let l(u) be the third derivative of -u**4/24 + u**3/3 + 2*